- -39. List the prime factors of q.
2, 23
Let u(c) = 50*c**3 - 2*c**2 - 12*c + 20. List the prime factors of u(2).
2, 97
Let i be 6/(-2) - (0 - 13/1). Suppose -5*z - 640 = -i*z. List the prime factors of z.
2
Let f(u) = 50*u - 124. List the prime factors of f(10).
2, 47
Suppose 3*c = -0*c + 3. Let z = c - 9. List the prime factors of (-11 - z)/((-6)/70).
5, 7
Let a = 2 - 1. Suppose 0 = -5*r + 52 + 18. What are the prime factors of a*-3 - r/(-1)?
11
Let v(b) = -b**3 + 4*b**2 + 3*b + 2. Let g be v(4). Let w = 9 + 3. Let i = g + w. List the prime factors of i.
2, 13
Suppose -3*v - 63 - 282 = 4*x, 3*x - 4*v + 265 = 0. What are the prime factors of 4*(-2)/(-2) - x?
7, 13
What are the prime factors of (720/(-7))/(((-270)/84)/15)?
2, 3, 5
Let b(f) = -17*f**2 + f + 37. Let j(i) = -4*i**2 + 9. Let c(g) = 2*b(g) - 9*j(g). What are the prime factors of c(-5)?
3, 11
Let o(j) be the second derivative of -4*j - 1/2*j**2 + 1/20*j**5 + 0 - 1/6*j**3 - 1/4*j**4. What are the prime factors of o(4)?
11
Suppose 37281 + 86079 = 32*y. List the prime factors of y.
3, 5, 257
Suppose 10 - 1 = 3*t. Suppose w + 714 = -0*q + q, 5*w + 3574 = t*q. List the prime factors of w/(-12) + 2/(-3).
59
Suppose 5*k - 8 - 17 = 0. Suppose -3*f + 88 = -k. Let p = f - 17. What are the prime factors of p?
2, 7
Suppose 0 = -6*j + 288. Suppose -g = 3*g - j. List the prime factors of (128/6)/(8/g).
2
Let d(a) = -11*a + 42. Let v be d(5). Let i(p) = 3*p + 52. List the prime factors of i(v).
13
List the prime factors of (42/(-6) + 14 - 12) + 295.
2, 5, 29
Suppose 144426 - 54890 = 32*t. What are the prime factors of t?
2, 1399
Suppose -v - 130 = -3*v - 4*g, -g - 215 = -4*v. List the prime factors of v.
5, 11
Let k(d) = -76*d + 136. Let g(v) = 15*v - 27. Let n(x) = 24*g(x) + 5*k(x). List the prime factors of n(-12).
2, 17
Let n = 655 + -303. List the prime factors of n.
2, 11
Suppose 4*v - 8*v + 554 = 2*a, -408 = -3*v + a. What are the prime factors of v?
137
Suppose 7 = 4*g - 5. Suppose s = 3 + g. Let b = 53 - s. List the prime factors of b.
47
Let k = -91 - -137. Let a = k + -35. List the prime factors of a.
11
Suppose 4*x - 2492 = -4*o + 1388, 0 = -5*x - 20. List the prime factors of o.
2, 487
Let i be 5/(-2)*(-3 - -1). Suppose 21 = i*n - 4. Suppose 204 = -y + n*y. What are the prime factors of y?
3, 17
Let f = 5812 + -3834. List the prime factors of f.
2, 23, 43
Suppose -4*s = 3*y - 94, -y + 5*s + 1 = -24. List the prime factors of 15/y + 770/4.
193
Let w = 1 - -1. Let d be 23/w*(-11 - -13). List the prime factors of d - (0 - 12/4).
2, 13
Let l(o) = -o**3 - o**2 - 7*o + 19. What are the prime factors of l(-8)?
523
Let a be (-2)/12 - (-39)/18. Let v(i) = -2 - a + 6 + 8*i - 3*i. What are the prime factors of v(4)?
2, 11
Let q = -15 + 17. Suppose -q*l - 40 = 2*l. What are the prime factors of (-4)/l - (-1624)/40?
41
Let k = 279 + -27. Let g = -129 + k. List the prime factors of g.
3, 41
Suppose -4*y = -0*y + i - 17, -i - 8 = -y. Suppose 12 + 14 = w + 3*g, -y*w = -2*g - 181. What are the prime factors of w?
5, 7
Let h(n) = -9*n**3 + 12*n**2 + 2*n - 36. What are the prime factors of h(-4)?
2, 181
Let f(p) = -p**2 - 8*p + 3. Suppose -3*a - 38 = a - 2*r, 28 = -3*a + 2*r. Let k = a - -6. What are the prime factors of f(k)?
19
Let k = 610 + -1113. Let u = -349 - k. List the prime factors of u.
2, 7, 11
Let n(p) = 3*p**2 - 9*p + 2. Let q(y) = y**2 - 7*y + 5. Let s be q(7). What are the prime factors of n(s)?
2
Let g(f) = 4*f**2 - 5*f + 2971. List the prime factors of g(0).
2971
Let q = -663 - -1005. What are the prime factors of q?
2, 3, 19
Suppose 5 = 2*h - 11. Let m be ((-724)/h - 0)*-2. Suppose -m - 114 = -5*i. List the prime factors of i.
59
Suppose 45 = -3*x + 60. Suppose 2*a + b - 331 = 0, -4*a + x*b - b = -632. List the prime factors of a.
163
Suppose 0 = 4*m - 2*m + 388. Let f = m + 295. Suppose -2*x + 3*u + 87 = 0, 2 = -2*x - u + f. List the prime factors of x.
2, 3
Let a(f) = -146*f**3 - 3*f**2 - 4*f - 4. Let i(m) = -291*m**3 - 5*m**2 - 7*m - 7. Let h(b) = 7*a(b) - 4*i(b). List the prime factors of h(1).
3, 47
Let u(j) = j**3 - 4*j**2 - 24*j + 52. What are the prime factors of u(12)?
2, 229
Suppose 3*t + 10 = 1. Let z(f) = -6*f + 6. What are the prime factors of z(t)?
2, 3
Let b be (-5)/((-15)/6)*-3. Let k(s) = -s**3 - 4*s**2 + 3*s - 2. List the prime factors of k(b).
2, 13
Let p be 42/(-35) + (-1)/(-5). Let q be (-1392)/40 + p/5. List the prime factors of (q/21)/((-2)/6).
5
Suppose -5*y = -2*w - 10, -y + 0*w - w - 5 = 0. Suppose 0 = -3*n - 9, -5*u + 5*n + 49 + 86 = y. List the prime factors of u.
2, 3
Suppose -5*g = 2*f - 1084, -2*f - 7*g = -3*g - 1082. List the prime factors of f.
3, 179
Let l = 3 + 0. Let p be (-22)/l*(-15)/10. Suppose 2*w - w = -5*u - p, 4*w - 71 = 3*u. List the prime factors of w.
2, 7
Let y(n) = 52*n**2 - 83*n + 35. What are the prime factors of y(11)?
2, 2707
Let a = 100 + -97. Suppose -a*m + 15*m = 3468. List the prime factors of m.
17
Let a(c) = c**3 - 11*c**2 + 12*c - 9. Let x be a(9). Let s be 158/18 + (-14)/x. Let b = s - 1. List the prime factors of b.
2
List the prime factors of (-465)/(-9)*(-1254)/(-38).
5, 11, 31
Let s be 2/(-7) + 12/42. Let z be s/(2 - (-2 - -1)). Suppose -5*a + 40 = -z. What are the prime factors of a?
2
Let z(t) be the second derivative of t**5/20 - t**4 - 13*t**3/6 + 17*t**2/2 - 2*t. List the prime factors of z(13).
17
Let s = -15 + 11. Let k be -1*(s + 1 + -75). Suppose -j = 2*j - k. List the prime factors of j.
2, 13
Let g = 1909 + -938. List the prime factors of g.
971
Let w(j) be the first derivative of -j**3/3 + j**2/2 + 10*j + 3. Let k be w(0). What are the prime factors of 10/25 + 66/k?
7
Suppose 3*q - 29 = 3*s + 1, 3*q + 2*s = 5. Suppose 0 = q*j - 1 - 14. What are the prime factors of j?
3
Suppose 15 = 4*n - 9. Suppose -2*c + 24 = -n*c. Let w(t) = -t**3 - 6*t**2 - t - 2. List the prime factors of w(c).
2
Suppose 0 = -5*m + 4*n - 585, 117 = -0*m - m - 5*n. Let b = 269 + m. What are the prime factors of b?
2, 19
Suppose 4*b + 14 = 18. List the prime factors of (-195 - 2)*(b - 1 - 1).
197
Suppose p + 3259 = 2*b + b, 3*p - 6 = 0. List the prime factors of b.
1087
Suppose -3*w - 1181 = 3*y - 6701, 4*y = w - 1825. List the prime factors of w.
11, 167
Suppose -700 = -52*c + 48*c. List the prime factors of c.
5, 7
Let z = 1 - -2. Let j = -258 - -258. Suppose 5*q + z - 278 = j. What are the prime factors of q?
5, 11
Let a = 1122 + -100. List the prime factors of a.
2, 7, 73
What are the prime factors of (-1819787)/(-737) + 2/(-11)?
3, 823
Suppose 20*g = 13*g + 2226. List the prime factors of g.
2, 3, 53
Suppose 13 + 6 = -w. Let z be w/7 - (-40)/(-140). Let y(r) = -12*r - 5. List the prime factors of y(z).
31
Let f(s) be the first derivative of -s**4/4 - 5*s**3/3 - 4*s**2 + 4*s - 14. What are the prime factors of f(-7)?
2, 79
Let i(c) = -4*c + 44. Let p(m) = m - 1. Let f(t) = i(t) + 8*p(t). What are the prime factors of f(13)?
2, 11
Let p = -30 - -35. Let h(o) = 12*o - 11. List the prime factors of h(p).
7
Let m be (-15)/(-5) + (-233)/(-1) - -4. Suppose 2*n = 20 + m. What are the prime factors of n?
2, 5, 13
Suppose -68 = 5*f - 428. Suppose 2*m = -0*m + f. What are the prime factors of m?
2, 3
Let a(y) = 1228*y**3 - 2*y**2 - 9*y + 10. List the prime factors of a(1).
3, 409
Let x(p) = -p**2 + 4*p. Let k be x(3). Suppose 2*b = k + 29. What are the prime factors of b?
2
Let r(o) = 2*o - 4. Let p be r(3). Suppose 7 = p*f + 1. Suppose -4*w = f - 115. List the prime factors of w.
2, 7
Suppose -8*v = -79*v + 8307. List the prime factors of v.
3, 13
Let g = 48 + -29. Suppose 0 = -7*b + g*b - 72. What are the prime factors of b?
2, 3
Suppose 4 - 13 = s - g, s - 2*g = -12. Let i be (2 - -5) + (s - -2). List the prime factors of i/6*14 - -3.
2, 5
Let g(b) = b. Let r be g(1). Let h be 3 + -2 + r + 3. Suppose 4*x - 69 = -3*a + 60, 2*x = -h*a + 201. What are the prime factors of a?
3, 13
Let y(v) = -65*v - 34. List the prime factors of y(-5).
3, 97
Let f be (-7*31)/((-3)/9) + -3. Suppose -f = -d - 8*d. List the prime factors of d.
2, 3
Let g = -8 - -110. Suppose -58 + 18 = -u - 5*m, g = 2*u - m. What are the prime factors of u?
2, 5
Suppose 5 = 2*a + 1. Let d(y) = y + 15. Let l be d(-11). Suppose p - l*i - 9 = 0, a*i + 12 = 5*p - 123. List the prime